{"id":5054,"date":"2026-04-09T15:27:29","date_gmt":"2026-04-09T15:27:29","guid":{"rendered":"https:\/\/uplandsoftware.com\/cimpl-fr\/?page_id=5054"},"modified":"2026-04-21T17:12:03","modified_gmt":"2026-04-21T17:12:03","slug":"connexion","status":"publish","type":"page","link":"https:\/\/uplandsoftware.com\/cimpl-fr\/partenaires\/connexion\/","title":{"rendered":"Cimpl Login"},"content":{"rendered":"","protected":false},"excerpt":{"rendered":"","protected":false},"author":227,"featured_media":0,"parent":4966,"menu_order":0,"comment_status":"closed","ping_status":"closed","template":"template-partners-login.php","meta":{"_acf_changed":false,"_sitemap_exclude":false,"_sitemap_priority":"","_sitemap_frequency":"","footnotes":"","_links_to":"","_links_to_target":""},"class_list":["post-5054","page","type-page","status-publish","hentry"],"acf":[],"yoast_head":"<!-- This site is optimized with the Yoast SEO Premium plugin v27.3 (Yoast SEO v27.3) - https:\/\/yoast.com\/product\/yoast-seo-premium-wordpress\/ -->\n<title>Connexion partenaires | Cimpl<\/title>\n<meta name=\"description\" content=\"Bienvenue dans le portail des partenaires de Cimpl, o\u00f9 vous trouverez des ressources et des informations pour votre compte. Demandez votre acc\u00e8s d\u00e8s aujourd\u2019hui.\" \/>\n<meta name=\"robots\" content=\"index, follow, max-snippet:-1, max-image-preview:large, max-video-preview:-1\" \/>\n<link rel=\"canonical\" href=\"https:\/\/uplandsoftware.com\/cimpl-fr\/partenaires\/connexion\/\" \/>\n<script type=\"application\/ld+json\" class=\"yoast-schema-graph\">{\"@context\":\"https:\\\/\\\/schema.org\",\"@graph\":[{\"@type\":\"WebPage\",\"@id\":\"https:\\\/\\\/uplandsoftware.com\\\/cimpl-fr\\\/partenaires\\\/connexion\\\/\",\"url\":\"https:\\\/\\\/uplandsoftware.com\\\/cimpl-fr\\\/partenaires\\\/connexion\\\/\",\"name\":\"Connexion partenaires | Cimpl\",\"isPartOf\":{\"@id\":\"https:\\\/\\\/uplandsoftware.com\\\/cimpl-fr\\\/#website\"},\"datePublished\":\"2026-04-09T15:27:29+00:00\",\"dateModified\":\"2026-04-21T17:12:03+00:00\",\"description\":\"Bienvenue dans le portail des partenaires de Cimpl, o\u00f9 vous trouverez des ressources et des informations pour votre compte. Demandez votre acc\u00e8s d\u00e8s aujourd\u2019hui.\",\"breadcrumb\":{\"@id\":\"https:\\\/\\\/uplandsoftware.com\\\/cimpl-fr\\\/partenaires\\\/connexion\\\/#breadcrumb\"},\"inLanguage\":\"fr-FR\",\"potentialAction\":[{\"@type\":\"ReadAction\",\"target\":[\"https:\\\/\\\/uplandsoftware.com\\\/cimpl-fr\\\/partenaires\\\/connexion\\\/\"]}]},{\"@type\":\"BreadcrumbList\",\"@id\":\"https:\\\/\\\/uplandsoftware.com\\\/cimpl-fr\\\/partenaires\\\/connexion\\\/#breadcrumb\",\"itemListElement\":[{\"@type\":\"ListItem\",\"position\":1,\"name\":\"Partenaires\",\"item\":\"https:\\\/\\\/uplandsoftware.com\\\/cimpl-fr\\\/partenaires\\\/\"},{\"@type\":\"ListItem\",\"position\":2,\"name\":\"Cimpl Login\"}]},{\"@type\":\"WebSite\",\"@id\":\"https:\\\/\\\/uplandsoftware.com\\\/cimpl-fr\\\/#website\",\"url\":\"https:\\\/\\\/uplandsoftware.com\\\/cimpl-fr\\\/\",\"name\":\"Cimpl - FR\",\"description\":\"\",\"potentialAction\":[{\"@type\":\"SearchAction\",\"target\":{\"@type\":\"EntryPoint\",\"urlTemplate\":\"https:\\\/\\\/uplandsoftware.com\\\/cimpl-fr\\\/?s={search_term_string}\"},\"query-input\":{\"@type\":\"PropertyValueSpecification\",\"valueRequired\":true,\"valueName\":\"search_term_string\"}}],\"inLanguage\":\"fr-FR\"}]}<\/script>\n<!-- \/ Yoast SEO Premium plugin. -->","yoast_head_json":{"title":"Connexion partenaires | Cimpl","description":"Bienvenue dans le portail des partenaires de Cimpl, o\u00f9 vous trouverez des ressources et des informations pour votre compte. Demandez votre acc\u00e8s d\u00e8s aujourd\u2019hui.","robots":{"index":"index","follow":"follow","max-snippet":"max-snippet:-1","max-image-preview":"max-image-preview:large","max-video-preview":"max-video-preview:-1"},"canonical":"https:\/\/uplandsoftware.com\/cimpl-fr\/partenaires\/connexion\/","schema":{"@context":"https:\/\/schema.org","@graph":[{"@type":"WebPage","@id":"https:\/\/uplandsoftware.com\/cimpl-fr\/partenaires\/connexion\/","url":"https:\/\/uplandsoftware.com\/cimpl-fr\/partenaires\/connexion\/","name":"Connexion partenaires | Cimpl","isPartOf":{"@id":"https:\/\/uplandsoftware.com\/cimpl-fr\/#website"},"datePublished":"2026-04-09T15:27:29+00:00","dateModified":"2026-04-21T17:12:03+00:00","description":"Bienvenue dans le portail des partenaires de Cimpl, o\u00f9 vous trouverez des ressources et des informations pour votre compte. Demandez votre acc\u00e8s d\u00e8s aujourd\u2019hui.","breadcrumb":{"@id":"https:\/\/uplandsoftware.com\/cimpl-fr\/partenaires\/connexion\/#breadcrumb"},"inLanguage":"fr-FR","potentialAction":[{"@type":"ReadAction","target":["https:\/\/uplandsoftware.com\/cimpl-fr\/partenaires\/connexion\/"]}]},{"@type":"BreadcrumbList","@id":"https:\/\/uplandsoftware.com\/cimpl-fr\/partenaires\/connexion\/#breadcrumb","itemListElement":[{"@type":"ListItem","position":1,"name":"Partenaires","item":"https:\/\/uplandsoftware.com\/cimpl-fr\/partenaires\/"},{"@type":"ListItem","position":2,"name":"Cimpl Login"}]},{"@type":"WebSite","@id":"https:\/\/uplandsoftware.com\/cimpl-fr\/#website","url":"https:\/\/uplandsoftware.com\/cimpl-fr\/","name":"Cimpl - FR","description":"","potentialAction":[{"@type":"SearchAction","target":{"@type":"EntryPoint","urlTemplate":"https:\/\/uplandsoftware.com\/cimpl-fr\/?s={search_term_string}"},"query-input":{"@type":"PropertyValueSpecification","valueRequired":true,"valueName":"search_term_string"}}],"inLanguage":"fr-FR"}]}},"_links":{"self":[{"href":"https:\/\/uplandsoftware.com\/cimpl-fr\/wp-json\/wp\/v2\/pages\/5054","targetHints":{"allow":["GET"]}}],"collection":[{"href":"https:\/\/uplandsoftware.com\/cimpl-fr\/wp-json\/wp\/v2\/pages"}],"about":[{"href":"https:\/\/uplandsoftware.com\/cimpl-fr\/wp-json\/wp\/v2\/types\/page"}],"author":[{"embeddable":true,"href":"https:\/\/uplandsoftware.com\/cimpl-fr\/wp-json\/wp\/v2\/users\/227"}],"replies":[{"embeddable":true,"href":"https:\/\/uplandsoftware.com\/cimpl-fr\/wp-json\/wp\/v2\/comments?post=5054"}],"version-history":[{"count":3,"href":"https:\/\/uplandsoftware.com\/cimpl-fr\/wp-json\/wp\/v2\/pages\/5054\/revisions"}],"predecessor-version":[{"id":5096,"href":"https:\/\/uplandsoftware.com\/cimpl-fr\/wp-json\/wp\/v2\/pages\/5054\/revisions\/5096"}],"up":[{"embeddable":true,"href":"https:\/\/uplandsoftware.com\/cimpl-fr\/wp-json\/wp\/v2\/pages\/4966"}],"wp:attachment":[{"href":"https:\/\/uplandsoftware.com\/cimpl-fr\/wp-json\/wp\/v2\/media?parent=5054"}],"curies":[{"name":"wp","href":"https:\/\/api.w.org\/{rel}","templated":true}]}}