{"id":3807,"date":"2022-11-14T05:39:37","date_gmt":"2022-11-14T11:39:37","guid":{"rendered":"https:\/\/uplandsoftware.com\/interfax-de\/?page_id=3807"},"modified":"2023-05-15T08:07:55","modified_gmt":"2023-05-15T14:07:55","slug":"interfax-fuer-konica-minolta-neue-ui","status":"publish","type":"page","link":"https:\/\/uplandsoftware.com\/interfax-de\/hilfe-neue-ui\/interfax-fuer-konica-minolta-neue-ui\/","title":{"rendered":"InterFAX f\u00fcr Konica\/Minolta &#8211; UI"},"content":{"rendered":"","protected":false},"excerpt":{"rendered":"","protected":false},"author":90,"featured_media":0,"parent":3660,"menu_order":0,"comment_status":"closed","ping_status":"closed","template":"pages\/template-magic.php","meta":{"_acf_changed":false,"_sitemap_exclude":false,"_sitemap_priority":"","_sitemap_frequency":"","footnotes":"","_links_to":"","_links_to_target":""},"class_list":["post-3807","page","type-page","status-publish","hentry"],"acf":[],"yoast_head":"<!-- This site is optimized with the Yoast SEO Premium plugin v27.3 (Yoast SEO v27.3) - https:\/\/yoast.com\/product\/yoast-seo-premium-wordpress\/ -->\n<title>Internet-Fax | Hilfe | Verschl\u00fcsselte Sendebest\u00e4tigung<\/title>\n<meta name=\"description\" content=\"Internet-Fax: So einfach funktioniert die verschl\u00fcsselte Sendebest\u00e4tigung. Faxen \u00fcber das Internet - ganz einfach mit GTC InterFAX.\" \/>\n<meta name=\"robots\" content=\"index, follow, max-snippet:-1, max-image-preview:large, max-video-preview:-1\" \/>\n<link rel=\"canonical\" href=\"https:\/\/uplandsoftware.com\/interfax-de\/hilfe-neue-ui\/interfax-fuer-konica-minolta-neue-ui\/\" \/>\n<script type=\"application\/ld+json\" class=\"yoast-schema-graph\">{\"@context\":\"https:\\\/\\\/schema.org\",\"@graph\":[{\"@type\":\"WebPage\",\"@id\":\"https:\\\/\\\/uplandsoftware.com\\\/interfax-de\\\/hilfe-neue-ui\\\/interfax-fuer-konica-minolta-neue-ui\\\/\",\"url\":\"https:\\\/\\\/uplandsoftware.com\\\/interfax-de\\\/hilfe-neue-ui\\\/interfax-fuer-konica-minolta-neue-ui\\\/\",\"name\":\"Internet-Fax | Hilfe | Verschl\u00fcsselte Sendebest\u00e4tigung\",\"isPartOf\":{\"@id\":\"https:\\\/\\\/uplandsoftware.com\\\/interfax-de\\\/#website\"},\"datePublished\":\"2022-11-14T11:39:37+00:00\",\"dateModified\":\"2023-05-15T14:07:55+00:00\",\"description\":\"Internet-Fax: So einfach funktioniert die verschl\u00fcsselte Sendebest\u00e4tigung. Faxen \u00fcber das Internet - ganz einfach mit GTC InterFAX.\",\"breadcrumb\":{\"@id\":\"https:\\\/\\\/uplandsoftware.com\\\/interfax-de\\\/hilfe-neue-ui\\\/interfax-fuer-konica-minolta-neue-ui\\\/#breadcrumb\"},\"inLanguage\":\"en-US\",\"potentialAction\":[{\"@type\":\"ReadAction\",\"target\":[\"https:\\\/\\\/uplandsoftware.com\\\/interfax-de\\\/hilfe-neue-ui\\\/interfax-fuer-konica-minolta-neue-ui\\\/\"]}]},{\"@type\":\"BreadcrumbList\",\"@id\":\"https:\\\/\\\/uplandsoftware.com\\\/interfax-de\\\/hilfe-neue-ui\\\/interfax-fuer-konica-minolta-neue-ui\\\/#breadcrumb\",\"itemListElement\":[{\"@type\":\"ListItem\",\"position\":1,\"name\":\"Home\",\"item\":\"https:\\\/\\\/uplandsoftware.com\\\/interfax-de\\\/\"},{\"@type\":\"ListItem\",\"position\":2,\"name\":\"Hilfe &#8211; InterFAX\",\"item\":\"https:\\\/\\\/uplandsoftware.com\\\/interfax-de\\\/hilfe-neue-ui\\\/\"},{\"@type\":\"ListItem\",\"position\":3,\"name\":\"InterFAX f\u00fcr Konica\\\/Minolta &#8211; UI\"}]},{\"@type\":\"WebSite\",\"@id\":\"https:\\\/\\\/uplandsoftware.com\\\/interfax-de\\\/#website\",\"url\":\"https:\\\/\\\/uplandsoftware.com\\\/interfax-de\\\/\",\"name\":\"InterFAX - DE\",\"description\":\"\",\"potentialAction\":[{\"@type\":\"SearchAction\",\"target\":{\"@type\":\"EntryPoint\",\"urlTemplate\":\"https:\\\/\\\/uplandsoftware.com\\\/interfax-de\\\/?s={search_term_string}\"},\"query-input\":{\"@type\":\"PropertyValueSpecification\",\"valueRequired\":true,\"valueName\":\"search_term_string\"}}],\"inLanguage\":\"en-US\"}]}<\/script>\n<!-- \/ Yoast SEO Premium plugin. -->","yoast_head_json":{"title":"Internet-Fax | Hilfe | Verschl\u00fcsselte Sendebest\u00e4tigung","description":"Internet-Fax: So einfach funktioniert die verschl\u00fcsselte Sendebest\u00e4tigung. Faxen \u00fcber das Internet - ganz einfach mit GTC InterFAX.","robots":{"index":"index","follow":"follow","max-snippet":"max-snippet:-1","max-image-preview":"max-image-preview:large","max-video-preview":"max-video-preview:-1"},"canonical":"https:\/\/uplandsoftware.com\/interfax-de\/hilfe-neue-ui\/interfax-fuer-konica-minolta-neue-ui\/","schema":{"@context":"https:\/\/schema.org","@graph":[{"@type":"WebPage","@id":"https:\/\/uplandsoftware.com\/interfax-de\/hilfe-neue-ui\/interfax-fuer-konica-minolta-neue-ui\/","url":"https:\/\/uplandsoftware.com\/interfax-de\/hilfe-neue-ui\/interfax-fuer-konica-minolta-neue-ui\/","name":"Internet-Fax | Hilfe | Verschl\u00fcsselte Sendebest\u00e4tigung","isPartOf":{"@id":"https:\/\/uplandsoftware.com\/interfax-de\/#website"},"datePublished":"2022-11-14T11:39:37+00:00","dateModified":"2023-05-15T14:07:55+00:00","description":"Internet-Fax: So einfach funktioniert die verschl\u00fcsselte Sendebest\u00e4tigung. Faxen \u00fcber das Internet - ganz einfach mit GTC InterFAX.","breadcrumb":{"@id":"https:\/\/uplandsoftware.com\/interfax-de\/hilfe-neue-ui\/interfax-fuer-konica-minolta-neue-ui\/#breadcrumb"},"inLanguage":"en-US","potentialAction":[{"@type":"ReadAction","target":["https:\/\/uplandsoftware.com\/interfax-de\/hilfe-neue-ui\/interfax-fuer-konica-minolta-neue-ui\/"]}]},{"@type":"BreadcrumbList","@id":"https:\/\/uplandsoftware.com\/interfax-de\/hilfe-neue-ui\/interfax-fuer-konica-minolta-neue-ui\/#breadcrumb","itemListElement":[{"@type":"ListItem","position":1,"name":"Home","item":"https:\/\/uplandsoftware.com\/interfax-de\/"},{"@type":"ListItem","position":2,"name":"Hilfe &#8211; InterFAX","item":"https:\/\/uplandsoftware.com\/interfax-de\/hilfe-neue-ui\/"},{"@type":"ListItem","position":3,"name":"InterFAX f\u00fcr Konica\/Minolta &#8211; UI"}]},{"@type":"WebSite","@id":"https:\/\/uplandsoftware.com\/interfax-de\/#website","url":"https:\/\/uplandsoftware.com\/interfax-de\/","name":"InterFAX - DE","description":"","potentialAction":[{"@type":"SearchAction","target":{"@type":"EntryPoint","urlTemplate":"https:\/\/uplandsoftware.com\/interfax-de\/?s={search_term_string}"},"query-input":{"@type":"PropertyValueSpecification","valueRequired":true,"valueName":"search_term_string"}}],"inLanguage":"en-US"}]}},"_links":{"self":[{"href":"https:\/\/uplandsoftware.com\/interfax-de\/wp-json\/wp\/v2\/pages\/3807","targetHints":{"allow":["GET"]}}],"collection":[{"href":"https:\/\/uplandsoftware.com\/interfax-de\/wp-json\/wp\/v2\/pages"}],"about":[{"href":"https:\/\/uplandsoftware.com\/interfax-de\/wp-json\/wp\/v2\/types\/page"}],"author":[{"embeddable":true,"href":"https:\/\/uplandsoftware.com\/interfax-de\/wp-json\/wp\/v2\/users\/90"}],"replies":[{"embeddable":true,"href":"https:\/\/uplandsoftware.com\/interfax-de\/wp-json\/wp\/v2\/comments?post=3807"}],"version-history":[{"count":0,"href":"https:\/\/uplandsoftware.com\/interfax-de\/wp-json\/wp\/v2\/pages\/3807\/revisions"}],"up":[{"embeddable":true,"href":"https:\/\/uplandsoftware.com\/interfax-de\/wp-json\/wp\/v2\/pages\/3660"}],"wp:attachment":[{"href":"https:\/\/uplandsoftware.com\/interfax-de\/wp-json\/wp\/v2\/media?parent=3807"}],"curies":[{"name":"wp","href":"https:\/\/api.w.org\/{rel}","templated":true}]}}