{"id":745,"date":"2019-02-06T12:46:53","date_gmt":"2019-02-06T18:46:53","guid":{"rendered":"https:\/\/upllive.wpengine.com\/interfax-de\/?page_id=745"},"modified":"2024-02-06T03:52:03","modified_gmt":"2024-02-06T09:52:03","slug":"pci-dss-konforme-fax-losung","status":"publish","type":"page","link":"https:\/\/uplandsoftware.com\/interfax-de\/produkte\/sicherheitsloesungen\/pci-dss-konforme-fax-losung\/","title":{"rendered":"PCI DSS-konforme Fax-L\u00f6sung"},"content":{"rendered":"","protected":false},"excerpt":{"rendered":"<p>PCI Fax is a premium PCI compliant fax service with the highest level of client data protection: PCI Tier 1 certification. Keep your payment data safe with InterFAX.<\/p>\n","protected":false},"author":1,"featured_media":0,"parent":744,"menu_order":0,"comment_status":"closed","ping_status":"closed","template":"pages\/template-magic.php","meta":{"_acf_changed":false,"_sitemap_exclude":false,"_sitemap_priority":"","_sitemap_frequency":"","footnotes":"","_links_to":"","_links_to_target":""},"class_list":["post-745","page","type-page","status-publish","hentry"],"acf":[],"yoast_head":"<!-- This site is optimized with the Yoast SEO Premium plugin v27.3 (Yoast SEO v27.3) - https:\/\/yoast.com\/product\/yoast-seo-premium-wordpress\/ -->\n<title>Internet-Fax | Sicherheitsl\u00f6sungen | PCI-DSS-konforme Fax-L\u00f6sung<\/title>\n<meta name=\"description\" content=\"Internet-Fax: Sicherheitsl\u00f6sungen - PCI-DSS-konforme Faxl\u00f6sung bietet Ihnen absolute Datensicherheit f\u00fcr Ihre Faxkommunikation.\" \/>\n<meta name=\"robots\" content=\"index, follow, max-snippet:-1, max-image-preview:large, max-video-preview:-1\" \/>\n<link rel=\"canonical\" href=\"https:\/\/uplandsoftware.com\/interfax-de\/produkte\/sicherheitsloesungen\/pci-dss-konforme-fax-losung\/\" \/>\n<script type=\"application\/ld+json\" class=\"yoast-schema-graph\">{\"@context\":\"https:\\\/\\\/schema.org\",\"@graph\":[{\"@type\":\"WebPage\",\"@id\":\"https:\\\/\\\/uplandsoftware.com\\\/interfax-de\\\/produkte\\\/sicherheitsloesungen\\\/pci-dss-konforme-fax-losung\\\/\",\"url\":\"https:\\\/\\\/uplandsoftware.com\\\/interfax-de\\\/produkte\\\/sicherheitsloesungen\\\/pci-dss-konforme-fax-losung\\\/\",\"name\":\"Internet-Fax | Sicherheitsl\u00f6sungen | PCI-DSS-konforme Fax-L\u00f6sung\",\"isPartOf\":{\"@id\":\"https:\\\/\\\/uplandsoftware.com\\\/interfax-de\\\/#website\"},\"datePublished\":\"2019-02-06T18:46:53+00:00\",\"dateModified\":\"2024-02-06T09:52:03+00:00\",\"description\":\"Internet-Fax: Sicherheitsl\u00f6sungen - PCI-DSS-konforme Faxl\u00f6sung bietet Ihnen absolute Datensicherheit f\u00fcr Ihre Faxkommunikation.\",\"breadcrumb\":{\"@id\":\"https:\\\/\\\/uplandsoftware.com\\\/interfax-de\\\/produkte\\\/sicherheitsloesungen\\\/pci-dss-konforme-fax-losung\\\/#breadcrumb\"},\"inLanguage\":\"en-US\",\"potentialAction\":[{\"@type\":\"ReadAction\",\"target\":[\"https:\\\/\\\/uplandsoftware.com\\\/interfax-de\\\/produkte\\\/sicherheitsloesungen\\\/pci-dss-konforme-fax-losung\\\/\"]}]},{\"@type\":\"BreadcrumbList\",\"@id\":\"https:\\\/\\\/uplandsoftware.com\\\/interfax-de\\\/produkte\\\/sicherheitsloesungen\\\/pci-dss-konforme-fax-losung\\\/#breadcrumb\",\"itemListElement\":[{\"@type\":\"ListItem\",\"position\":1,\"name\":\"Home\",\"item\":\"https:\\\/\\\/uplandsoftware.com\\\/interfax-de\\\/\"},{\"@type\":\"ListItem\",\"position\":2,\"name\":\"Produkte\",\"item\":\"https:\\\/\\\/uplandsoftware.com\\\/interfax-de\\\/produkte\\\/\"},{\"@type\":\"ListItem\",\"position\":3,\"name\":\"Datenschutz und Datensicherheit\",\"item\":\"https:\\\/\\\/uplandsoftware.com\\\/interfax-de\\\/produkte\\\/sicherheitsloesungen\\\/\"},{\"@type\":\"ListItem\",\"position\":4,\"name\":\"PCI DSS-konforme Fax-L\u00f6sung\"}]},{\"@type\":\"WebSite\",\"@id\":\"https:\\\/\\\/uplandsoftware.com\\\/interfax-de\\\/#website\",\"url\":\"https:\\\/\\\/uplandsoftware.com\\\/interfax-de\\\/\",\"name\":\"InterFAX - DE\",\"description\":\"\",\"potentialAction\":[{\"@type\":\"SearchAction\",\"target\":{\"@type\":\"EntryPoint\",\"urlTemplate\":\"https:\\\/\\\/uplandsoftware.com\\\/interfax-de\\\/?s={search_term_string}\"},\"query-input\":{\"@type\":\"PropertyValueSpecification\",\"valueRequired\":true,\"valueName\":\"search_term_string\"}}],\"inLanguage\":\"en-US\"}]}<\/script>\n<!-- \/ Yoast SEO Premium plugin. -->","yoast_head_json":{"title":"Internet-Fax | Sicherheitsl\u00f6sungen | PCI-DSS-konforme Fax-L\u00f6sung","description":"Internet-Fax: Sicherheitsl\u00f6sungen - PCI-DSS-konforme Faxl\u00f6sung bietet Ihnen absolute Datensicherheit f\u00fcr Ihre Faxkommunikation.","robots":{"index":"index","follow":"follow","max-snippet":"max-snippet:-1","max-image-preview":"max-image-preview:large","max-video-preview":"max-video-preview:-1"},"canonical":"https:\/\/uplandsoftware.com\/interfax-de\/produkte\/sicherheitsloesungen\/pci-dss-konforme-fax-losung\/","schema":{"@context":"https:\/\/schema.org","@graph":[{"@type":"WebPage","@id":"https:\/\/uplandsoftware.com\/interfax-de\/produkte\/sicherheitsloesungen\/pci-dss-konforme-fax-losung\/","url":"https:\/\/uplandsoftware.com\/interfax-de\/produkte\/sicherheitsloesungen\/pci-dss-konforme-fax-losung\/","name":"Internet-Fax | Sicherheitsl\u00f6sungen | PCI-DSS-konforme Fax-L\u00f6sung","isPartOf":{"@id":"https:\/\/uplandsoftware.com\/interfax-de\/#website"},"datePublished":"2019-02-06T18:46:53+00:00","dateModified":"2024-02-06T09:52:03+00:00","description":"Internet-Fax: Sicherheitsl\u00f6sungen - PCI-DSS-konforme Faxl\u00f6sung bietet Ihnen absolute Datensicherheit f\u00fcr Ihre Faxkommunikation.","breadcrumb":{"@id":"https:\/\/uplandsoftware.com\/interfax-de\/produkte\/sicherheitsloesungen\/pci-dss-konforme-fax-losung\/#breadcrumb"},"inLanguage":"en-US","potentialAction":[{"@type":"ReadAction","target":["https:\/\/uplandsoftware.com\/interfax-de\/produkte\/sicherheitsloesungen\/pci-dss-konforme-fax-losung\/"]}]},{"@type":"BreadcrumbList","@id":"https:\/\/uplandsoftware.com\/interfax-de\/produkte\/sicherheitsloesungen\/pci-dss-konforme-fax-losung\/#breadcrumb","itemListElement":[{"@type":"ListItem","position":1,"name":"Home","item":"https:\/\/uplandsoftware.com\/interfax-de\/"},{"@type":"ListItem","position":2,"name":"Produkte","item":"https:\/\/uplandsoftware.com\/interfax-de\/produkte\/"},{"@type":"ListItem","position":3,"name":"Datenschutz und Datensicherheit","item":"https:\/\/uplandsoftware.com\/interfax-de\/produkte\/sicherheitsloesungen\/"},{"@type":"ListItem","position":4,"name":"PCI DSS-konforme Fax-L\u00f6sung"}]},{"@type":"WebSite","@id":"https:\/\/uplandsoftware.com\/interfax-de\/#website","url":"https:\/\/uplandsoftware.com\/interfax-de\/","name":"InterFAX - DE","description":"","potentialAction":[{"@type":"SearchAction","target":{"@type":"EntryPoint","urlTemplate":"https:\/\/uplandsoftware.com\/interfax-de\/?s={search_term_string}"},"query-input":{"@type":"PropertyValueSpecification","valueRequired":true,"valueName":"search_term_string"}}],"inLanguage":"en-US"}]}},"_links":{"self":[{"href":"https:\/\/uplandsoftware.com\/interfax-de\/wp-json\/wp\/v2\/pages\/745","targetHints":{"allow":["GET"]}}],"collection":[{"href":"https:\/\/uplandsoftware.com\/interfax-de\/wp-json\/wp\/v2\/pages"}],"about":[{"href":"https:\/\/uplandsoftware.com\/interfax-de\/wp-json\/wp\/v2\/types\/page"}],"author":[{"embeddable":true,"href":"https:\/\/uplandsoftware.com\/interfax-de\/wp-json\/wp\/v2\/users\/1"}],"replies":[{"embeddable":true,"href":"https:\/\/uplandsoftware.com\/interfax-de\/wp-json\/wp\/v2\/comments?post=745"}],"version-history":[{"count":0,"href":"https:\/\/uplandsoftware.com\/interfax-de\/wp-json\/wp\/v2\/pages\/745\/revisions"}],"up":[{"embeddable":true,"href":"https:\/\/uplandsoftware.com\/interfax-de\/wp-json\/wp\/v2\/pages\/744"}],"wp:attachment":[{"href":"https:\/\/uplandsoftware.com\/interfax-de\/wp-json\/wp\/v2\/media?parent=745"}],"curies":[{"name":"wp","href":"https:\/\/api.w.org\/{rel}","templated":true}]}}