{"id":897,"date":"2019-02-24T21:54:12","date_gmt":"2019-02-25T03:54:12","guid":{"rendered":"https:\/\/upllive.wpengine.com\/interfax-de\/?page_id=897"},"modified":"2024-08-16T06:52:48","modified_gmt":"2024-08-16T12:52:48","slug":"funktionsweise","status":"publish","type":"page","link":"https:\/\/uplandsoftware.com\/interfax-de\/produkte\/funktionsweise\/","title":{"rendered":"So einfach geht&#8217;s"},"content":{"rendered":"","protected":false},"excerpt":{"rendered":"<p>Tour our online fax services to see how secure and flexible InterFAX can be for your enterprise. No hardware, no software licensing, all convenience.<\/p>\n","protected":false},"author":17,"featured_media":0,"parent":245,"menu_order":0,"comment_status":"closed","ping_status":"closed","template":"pages\/template-magic.php","meta":{"_acf_changed":false,"_sitemap_exclude":false,"_sitemap_priority":"","_sitemap_frequency":"","footnotes":"","_links_to":"","_links_to_target":""},"class_list":["post-897","page","type-page","status-publish","hentry"],"acf":[],"yoast_head":"<!-- This site is optimized with the Yoast SEO Premium plugin v27.3 (Yoast SEO v27.3) - https:\/\/yoast.com\/product\/yoast-seo-premium-wordpress\/ -->\n<title>Internet-Fax | So einfach geht&#039;s | \u00dcberblick \u00fcber alle Funktionen<\/title>\n<meta name=\"description\" content=\"Internet-Fax - so einfach geht&#039;s: Hier finden Sie detaillierte Informationen \u00fcber alle Funktionen zum Thema Faxen \u00fcber das Internet.\" \/>\n<meta name=\"robots\" content=\"index, follow, max-snippet:-1, max-image-preview:large, max-video-preview:-1\" \/>\n<link rel=\"canonical\" href=\"https:\/\/uplandsoftware.com\/interfax-de\/produkte\/funktionsweise\/\" \/>\n<script type=\"application\/ld+json\" class=\"yoast-schema-graph\">{\"@context\":\"https:\\\/\\\/schema.org\",\"@graph\":[{\"@type\":\"WebPage\",\"@id\":\"https:\\\/\\\/uplandsoftware.com\\\/interfax-de\\\/produkte\\\/funktionsweise\\\/\",\"url\":\"https:\\\/\\\/uplandsoftware.com\\\/interfax-de\\\/produkte\\\/funktionsweise\\\/\",\"name\":\"Internet-Fax | So einfach geht's | \u00dcberblick \u00fcber alle Funktionen\",\"isPartOf\":{\"@id\":\"https:\\\/\\\/uplandsoftware.com\\\/interfax-de\\\/#website\"},\"datePublished\":\"2019-02-25T03:54:12+00:00\",\"dateModified\":\"2024-08-16T12:52:48+00:00\",\"description\":\"Internet-Fax - so einfach geht's: Hier finden Sie detaillierte Informationen \u00fcber alle Funktionen zum Thema Faxen \u00fcber das Internet.\",\"breadcrumb\":{\"@id\":\"https:\\\/\\\/uplandsoftware.com\\\/interfax-de\\\/produkte\\\/funktionsweise\\\/#breadcrumb\"},\"inLanguage\":\"en-US\",\"potentialAction\":[{\"@type\":\"ReadAction\",\"target\":[\"https:\\\/\\\/uplandsoftware.com\\\/interfax-de\\\/produkte\\\/funktionsweise\\\/\"]}]},{\"@type\":\"BreadcrumbList\",\"@id\":\"https:\\\/\\\/uplandsoftware.com\\\/interfax-de\\\/produkte\\\/funktionsweise\\\/#breadcrumb\",\"itemListElement\":[{\"@type\":\"ListItem\",\"position\":1,\"name\":\"Home\",\"item\":\"https:\\\/\\\/uplandsoftware.com\\\/interfax-de\\\/\"},{\"@type\":\"ListItem\",\"position\":2,\"name\":\"Produkte\",\"item\":\"https:\\\/\\\/uplandsoftware.com\\\/interfax-de\\\/produkte\\\/\"},{\"@type\":\"ListItem\",\"position\":3,\"name\":\"So einfach geht&#8217;s\"}]},{\"@type\":\"WebSite\",\"@id\":\"https:\\\/\\\/uplandsoftware.com\\\/interfax-de\\\/#website\",\"url\":\"https:\\\/\\\/uplandsoftware.com\\\/interfax-de\\\/\",\"name\":\"InterFAX - DE\",\"description\":\"\",\"potentialAction\":[{\"@type\":\"SearchAction\",\"target\":{\"@type\":\"EntryPoint\",\"urlTemplate\":\"https:\\\/\\\/uplandsoftware.com\\\/interfax-de\\\/?s={search_term_string}\"},\"query-input\":{\"@type\":\"PropertyValueSpecification\",\"valueRequired\":true,\"valueName\":\"search_term_string\"}}],\"inLanguage\":\"en-US\"}]}<\/script>\n<!-- \/ Yoast SEO Premium plugin. -->","yoast_head_json":{"title":"Internet-Fax | So einfach geht's | \u00dcberblick \u00fcber alle Funktionen","description":"Internet-Fax - so einfach geht's: Hier finden Sie detaillierte Informationen \u00fcber alle Funktionen zum Thema Faxen \u00fcber das Internet.","robots":{"index":"index","follow":"follow","max-snippet":"max-snippet:-1","max-image-preview":"max-image-preview:large","max-video-preview":"max-video-preview:-1"},"canonical":"https:\/\/uplandsoftware.com\/interfax-de\/produkte\/funktionsweise\/","schema":{"@context":"https:\/\/schema.org","@graph":[{"@type":"WebPage","@id":"https:\/\/uplandsoftware.com\/interfax-de\/produkte\/funktionsweise\/","url":"https:\/\/uplandsoftware.com\/interfax-de\/produkte\/funktionsweise\/","name":"Internet-Fax | So einfach geht's | \u00dcberblick \u00fcber alle Funktionen","isPartOf":{"@id":"https:\/\/uplandsoftware.com\/interfax-de\/#website"},"datePublished":"2019-02-25T03:54:12+00:00","dateModified":"2024-08-16T12:52:48+00:00","description":"Internet-Fax - so einfach geht's: Hier finden Sie detaillierte Informationen \u00fcber alle Funktionen zum Thema Faxen \u00fcber das Internet.","breadcrumb":{"@id":"https:\/\/uplandsoftware.com\/interfax-de\/produkte\/funktionsweise\/#breadcrumb"},"inLanguage":"en-US","potentialAction":[{"@type":"ReadAction","target":["https:\/\/uplandsoftware.com\/interfax-de\/produkte\/funktionsweise\/"]}]},{"@type":"BreadcrumbList","@id":"https:\/\/uplandsoftware.com\/interfax-de\/produkte\/funktionsweise\/#breadcrumb","itemListElement":[{"@type":"ListItem","position":1,"name":"Home","item":"https:\/\/uplandsoftware.com\/interfax-de\/"},{"@type":"ListItem","position":2,"name":"Produkte","item":"https:\/\/uplandsoftware.com\/interfax-de\/produkte\/"},{"@type":"ListItem","position":3,"name":"So einfach geht&#8217;s"}]},{"@type":"WebSite","@id":"https:\/\/uplandsoftware.com\/interfax-de\/#website","url":"https:\/\/uplandsoftware.com\/interfax-de\/","name":"InterFAX - DE","description":"","potentialAction":[{"@type":"SearchAction","target":{"@type":"EntryPoint","urlTemplate":"https:\/\/uplandsoftware.com\/interfax-de\/?s={search_term_string}"},"query-input":{"@type":"PropertyValueSpecification","valueRequired":true,"valueName":"search_term_string"}}],"inLanguage":"en-US"}]}},"_links":{"self":[{"href":"https:\/\/uplandsoftware.com\/interfax-de\/wp-json\/wp\/v2\/pages\/897","targetHints":{"allow":["GET"]}}],"collection":[{"href":"https:\/\/uplandsoftware.com\/interfax-de\/wp-json\/wp\/v2\/pages"}],"about":[{"href":"https:\/\/uplandsoftware.com\/interfax-de\/wp-json\/wp\/v2\/types\/page"}],"author":[{"embeddable":true,"href":"https:\/\/uplandsoftware.com\/interfax-de\/wp-json\/wp\/v2\/users\/17"}],"replies":[{"embeddable":true,"href":"https:\/\/uplandsoftware.com\/interfax-de\/wp-json\/wp\/v2\/comments?post=897"}],"version-history":[{"count":0,"href":"https:\/\/uplandsoftware.com\/interfax-de\/wp-json\/wp\/v2\/pages\/897\/revisions"}],"up":[{"embeddable":true,"href":"https:\/\/uplandsoftware.com\/interfax-de\/wp-json\/wp\/v2\/pages\/245"}],"wp:attachment":[{"href":"https:\/\/uplandsoftware.com\/interfax-de\/wp-json\/wp\/v2\/media?parent=897"}],"curies":[{"name":"wp","href":"https:\/\/api.w.org\/{rel}","templated":true}]}}