{"id":950,"date":"2024-03-01T18:23:39","date_gmt":"2024-03-01T18:23:39","guid":{"rendered":"https:\/\/uplandsoftware.com\/objectiflune-fr\/?page_id=950"},"modified":"2024-04-17T18:43:33","modified_gmt":"2024-04-17T18:43:33","slug":"services-financiers","status":"publish","type":"page","link":"https:\/\/uplandsoftware.com\/objectiflune-fr\/industries\/services-financiers\/","title":{"rendered":"Services financiers"},"content":{"rendered":"","protected":false},"excerpt":{"rendered":"","protected":false},"author":227,"featured_media":0,"parent":930,"menu_order":0,"comment_status":"closed","ping_status":"closed","template":"template-modular.php","meta":{"_acf_changed":false,"_sitemap_exclude":false,"_sitemap_priority":"","_sitemap_frequency":"","footnotes":"","_links_to":"","_links_to_target":""},"class_list":["post-950","page","type-page","status-publish","hentry"],"acf":[],"yoast_head":"<!-- This site is optimized with the Yoast SEO Premium plugin v27.2 (Yoast SEO v27.2) - https:\/\/yoast.com\/product\/yoast-seo-premium-wordpress\/ -->\n<title>Objectif Lune: Services financiers | Upland Software<\/title>\n<meta name=\"description\" content=\"D\u00e9couvrez comment OL Connect aide les entreprises financi\u00e8res \u00e0 gagner en efficacit\u00e9 gr\u00e2ce \u00e0 l&#039;automatisation et \u00e0 proposer des communications personnalis\u00e9es \u00e0 leurs clients.\" \/>\n<meta name=\"robots\" content=\"index, follow, max-snippet:-1, max-image-preview:large, max-video-preview:-1\" \/>\n<link rel=\"canonical\" href=\"https:\/\/uplandsoftware.com\/objectiflune-fr\/industries\/services-financiers\/\" \/>\n<meta property=\"og:locale\" content=\"fr_FR\" \/>\n<meta property=\"og:type\" content=\"article\" \/>\n<meta property=\"og:title\" content=\"Objectif Lune: Services financiers | Upland Software\" \/>\n<meta property=\"og:description\" content=\"D\u00e9couvrez comment OL Connect aide les entreprises financi\u00e8res \u00e0 gagner en efficacit\u00e9 gr\u00e2ce \u00e0 l&#039;automatisation et \u00e0 proposer des communications personnalis\u00e9es \u00e0 leurs clients.\" \/>\n<meta property=\"og:url\" content=\"https:\/\/uplandsoftware.com\/objectiflune-fr\/industries\/services-financiers\/\" \/>\n<meta property=\"og:site_name\" content=\"Objectif Lune - FR\" \/>\n<meta property=\"article:modified_time\" content=\"2024-04-17T18:43:33+00:00\" \/>\n<meta name=\"twitter:card\" content=\"summary_large_image\" \/>\n<meta name=\"twitter:title\" content=\"Objectif Lune: Services financiers | Upland Software\" \/>\n<meta name=\"twitter:description\" content=\"D\u00e9couvrez comment OL Connect aide les entreprises financi\u00e8res \u00e0 gagner en efficacit\u00e9 gr\u00e2ce \u00e0 l&#039;automatisation et \u00e0 proposer des communications personnalis\u00e9es \u00e0 leurs clients.\" \/>\n<script type=\"application\/ld+json\" class=\"yoast-schema-graph\">{\"@context\":\"https:\/\/schema.org\",\"@graph\":[{\"@type\":\"WebPage\",\"@id\":\"https:\/\/uplandsoftware.com\/objectiflune-fr\/industries\/services-financiers\/\",\"url\":\"https:\/\/uplandsoftware.com\/objectiflune-fr\/industries\/services-financiers\/\",\"name\":\"Objectif Lune: Services financiers | Upland Software\",\"isPartOf\":{\"@id\":\"https:\/\/uplandsoftware.com\/objectiflune-fr\/#website\"},\"datePublished\":\"2024-03-01T18:23:39+00:00\",\"dateModified\":\"2024-04-17T18:43:33+00:00\",\"description\":\"D\u00e9couvrez comment OL Connect aide les entreprises financi\u00e8res \u00e0 gagner en efficacit\u00e9 gr\u00e2ce \u00e0 l'automatisation et \u00e0 proposer des communications personnalis\u00e9es \u00e0 leurs clients.\",\"breadcrumb\":{\"@id\":\"https:\/\/uplandsoftware.com\/objectiflune-fr\/industries\/services-financiers\/#breadcrumb\"},\"inLanguage\":\"fr-FR\",\"potentialAction\":[{\"@type\":\"ReadAction\",\"target\":[\"https:\/\/uplandsoftware.com\/objectiflune-fr\/industries\/services-financiers\/\"]}]},{\"@type\":\"BreadcrumbList\",\"@id\":\"https:\/\/uplandsoftware.com\/objectiflune-fr\/industries\/services-financiers\/#breadcrumb\",\"itemListElement\":[{\"@type\":\"ListItem\",\"position\":1,\"name\":\"Home\",\"item\":\"https:\/\/uplandsoftware.com\/objectiflune-fr\/\"},{\"@type\":\"ListItem\",\"position\":2,\"name\":\"Industries\",\"item\":\"https:\/\/uplandsoftware.com\/objectiflune-fr\/industries\/\"},{\"@type\":\"ListItem\",\"position\":3,\"name\":\"Services financiers\"}]},{\"@type\":\"WebSite\",\"@id\":\"https:\/\/uplandsoftware.com\/objectiflune-fr\/#website\",\"url\":\"https:\/\/uplandsoftware.com\/objectiflune-fr\/\",\"name\":\"Objectif Lune - FR\",\"description\":\"Just another Upland Sites site\",\"potentialAction\":[{\"@type\":\"SearchAction\",\"target\":{\"@type\":\"EntryPoint\",\"urlTemplate\":\"https:\/\/uplandsoftware.com\/objectiflune-fr\/?s={search_term_string}\"},\"query-input\":{\"@type\":\"PropertyValueSpecification\",\"valueRequired\":true,\"valueName\":\"search_term_string\"}}],\"inLanguage\":\"fr-FR\"}]}<\/script>\n<!-- \/ Yoast SEO Premium plugin. -->","yoast_head_json":{"title":"Objectif Lune: Services financiers | Upland Software","description":"D\u00e9couvrez comment OL Connect aide les entreprises financi\u00e8res \u00e0 gagner en efficacit\u00e9 gr\u00e2ce \u00e0 l'automatisation et \u00e0 proposer des communications personnalis\u00e9es \u00e0 leurs clients.","robots":{"index":"index","follow":"follow","max-snippet":"max-snippet:-1","max-image-preview":"max-image-preview:large","max-video-preview":"max-video-preview:-1"},"canonical":"https:\/\/uplandsoftware.com\/objectiflune-fr\/industries\/services-financiers\/","og_locale":"fr_FR","og_type":"article","og_title":"Objectif Lune: Services financiers | Upland Software","og_description":"D\u00e9couvrez comment OL Connect aide les entreprises financi\u00e8res \u00e0 gagner en efficacit\u00e9 gr\u00e2ce \u00e0 l'automatisation et \u00e0 proposer des communications personnalis\u00e9es \u00e0 leurs clients.","og_url":"https:\/\/uplandsoftware.com\/objectiflune-fr\/industries\/services-financiers\/","og_site_name":"Objectif Lune - FR","article_modified_time":"2024-04-17T18:43:33+00:00","twitter_card":"summary_large_image","twitter_title":"Objectif Lune: Services financiers | Upland Software","twitter_description":"D\u00e9couvrez comment OL Connect aide les entreprises financi\u00e8res \u00e0 gagner en efficacit\u00e9 gr\u00e2ce \u00e0 l'automatisation et \u00e0 proposer des communications personnalis\u00e9es \u00e0 leurs clients.","schema":{"@context":"https:\/\/schema.org","@graph":[{"@type":"WebPage","@id":"https:\/\/uplandsoftware.com\/objectiflune-fr\/industries\/services-financiers\/","url":"https:\/\/uplandsoftware.com\/objectiflune-fr\/industries\/services-financiers\/","name":"Objectif Lune: Services financiers | Upland Software","isPartOf":{"@id":"https:\/\/uplandsoftware.com\/objectiflune-fr\/#website"},"datePublished":"2024-03-01T18:23:39+00:00","dateModified":"2024-04-17T18:43:33+00:00","description":"D\u00e9couvrez comment OL Connect aide les entreprises financi\u00e8res \u00e0 gagner en efficacit\u00e9 gr\u00e2ce \u00e0 l'automatisation et \u00e0 proposer des communications personnalis\u00e9es \u00e0 leurs clients.","breadcrumb":{"@id":"https:\/\/uplandsoftware.com\/objectiflune-fr\/industries\/services-financiers\/#breadcrumb"},"inLanguage":"fr-FR","potentialAction":[{"@type":"ReadAction","target":["https:\/\/uplandsoftware.com\/objectiflune-fr\/industries\/services-financiers\/"]}]},{"@type":"BreadcrumbList","@id":"https:\/\/uplandsoftware.com\/objectiflune-fr\/industries\/services-financiers\/#breadcrumb","itemListElement":[{"@type":"ListItem","position":1,"name":"Home","item":"https:\/\/uplandsoftware.com\/objectiflune-fr\/"},{"@type":"ListItem","position":2,"name":"Industries","item":"https:\/\/uplandsoftware.com\/objectiflune-fr\/industries\/"},{"@type":"ListItem","position":3,"name":"Services financiers"}]},{"@type":"WebSite","@id":"https:\/\/uplandsoftware.com\/objectiflune-fr\/#website","url":"https:\/\/uplandsoftware.com\/objectiflune-fr\/","name":"Objectif Lune - FR","description":"Just another Upland Sites site","potentialAction":[{"@type":"SearchAction","target":{"@type":"EntryPoint","urlTemplate":"https:\/\/uplandsoftware.com\/objectiflune-fr\/?s={search_term_string}"},"query-input":{"@type":"PropertyValueSpecification","valueRequired":true,"valueName":"search_term_string"}}],"inLanguage":"fr-FR"}]}},"_links":{"self":[{"href":"https:\/\/uplandsoftware.com\/objectiflune-fr\/wp-json\/wp\/v2\/pages\/950","targetHints":{"allow":["GET"]}}],"collection":[{"href":"https:\/\/uplandsoftware.com\/objectiflune-fr\/wp-json\/wp\/v2\/pages"}],"about":[{"href":"https:\/\/uplandsoftware.com\/objectiflune-fr\/wp-json\/wp\/v2\/types\/page"}],"author":[{"embeddable":true,"href":"https:\/\/uplandsoftware.com\/objectiflune-fr\/wp-json\/wp\/v2\/users\/227"}],"replies":[{"embeddable":true,"href":"https:\/\/uplandsoftware.com\/objectiflune-fr\/wp-json\/wp\/v2\/comments?post=950"}],"version-history":[{"count":0,"href":"https:\/\/uplandsoftware.com\/objectiflune-fr\/wp-json\/wp\/v2\/pages\/950\/revisions"}],"up":[{"embeddable":true,"href":"https:\/\/uplandsoftware.com\/objectiflune-fr\/wp-json\/wp\/v2\/pages\/930"}],"wp:attachment":[{"href":"https:\/\/uplandsoftware.com\/objectiflune-fr\/wp-json\/wp\/v2\/media?parent=950"}],"curies":[{"name":"wp","href":"https:\/\/api.w.org\/{rel}","templated":true}]}}